me factors of 8169649895.
5, 11, 557, 266677
What are the prime factors of 171086201?
11, 13, 193, 6199
List the prime factors of 2179323811.
7, 311331973
What are the prime factors of 14929877?
19, 41357
List the prime factors of 415165246.
2, 207582623
What are the prime factors of 316879346?
2, 7, 29, 113, 6907
What are the prime factors of 30318866?
2, 15159433
List the prime factors of 35226877.
7, 5032411
What are the prime factors of 5231732705?
5, 239, 4378019
What are the prime factors of 4863499?
647, 7517
List the prime factors of 33797389.
33797389
What are the prime factors of 99844987?
11, 127, 71471
What are the prime factors of 300976105?
5, 313, 192317
List the prime factors of 2885419483.
23, 4241, 29581
What are the prime factors of 33084490?
2, 5, 3308449
List the prime factors of 484011180.
2, 3, 5, 83, 10799
What are the prime factors of 515488056?
2, 3, 21478669
What are the prime factors of 629095135?
5, 61, 109, 127, 149
What are the prime factors of 58996006?
2, 29498003
List the prime factors of 56731515.
3, 5, 131, 28871
What are the prime factors of 205680384?
2, 3, 7, 13, 109
List the prime factors of 107553685.
5, 1429, 15053
List the prime factors of 1236947544.
2, 3, 7, 23, 35569
What are the prime factors of 153958641?
3, 709, 72383
List the prime factors of 21558575.
5, 862343
What are the prime factors of 1258531217?
1258531217
What are the prime factors of 4353644268?
2, 3, 19, 271, 7829
What are the prime factors of 116512306?
2, 58256153
What are the prime factors of 373129425?
3, 5, 1658353
What are the prime factors of 24054567?
3, 8018189
List the prime factors of 145027476.
2, 3, 11, 17, 43, 167
List the prime factors of 96310300.
2, 5, 963103
List the prime factors of 28085868.
2, 3, 780163
List the prime factors of 409514879.
857, 477847
List the prime factors of 123493033.
43, 137, 20963
What are the prime factors of 2529753106?
2, 449, 599, 4703
What are the prime factors of 2658734424?
2, 3, 36926867
List the prime factors of 184053488.
2, 29, 396667
What are the prime factors of 978290415?
3, 5, 17, 1278811
List the prime factors of 22707506.
2, 67, 97, 1747
What are the prime factors of 3126425489?
11, 23, 67, 181, 1019
What are the prime factors of 843619925?
5, 33744797
What are the prime factors of 1136005994?
2, 17, 97, 344453
List the prime factors of 51450962.
2, 43, 79, 7573
List the prime factors of 8926450.
2, 5, 13, 31, 443
What are the prime factors of 62242634?
2, 5419, 5743
What are the prime factors of 25686847?
17, 1510991
What are the prime factors of 120420456?
2, 3, 13, 23, 97, 173
List the prime factors of 12912299.
17, 759547
What are the prime factors of 628632182?
2, 23, 409, 33413
What are the prime factors of 692187579?
3, 53, 483709
List the prime factors of 5357699160.
2, 3, 5, 11, 37, 163, 673
List the prime factors of 258300529.
258300529
List the prime factors of 249386895.
3, 5, 5541931
List the prime factors of 18936806.
2, 7, 19, 71191
What are the prime factors of 271736148?
2, 3, 29, 780851
List the prime factors of 391981021.
67, 181, 32323
List the prime factors of 933419365.
5, 19, 79, 277, 449
What are the prime factors of 32553638?
2, 13, 1252063
What are the prime factors of 40909033?
11, 19, 195737
List the prime factors of 11032286.
2, 17, 19087
What are the prime factors of 485750918?
2, 242875459
What are the prime factors of 317622587?
29, 53, 206651
What are the prime factors of 27238996?
2, 139, 48991
What are the prime factors of 2413894176?
2, 3, 2793859
List the prime factors of 6291740054.
2, 281, 2999, 3733
List the prime factors of 134879727.
3, 19, 2366311
What are the prime factors of 8204916?
2, 3, 43, 15901
List the prime factors of 42190153.
42190153
List the prime factors of 69023645.
5, 13804729
List the prime factors of 1839332905.
5, 19, 79, 12899
List the prime factors of 355790332.
2, 88947583
What are the prime factors of 4053487?
1733, 2339
What are the prime factors of 376795626?
2, 3, 62799271
List the prime factors of 5137555213.
7, 59, 12439601
What are the prime factors of 23174480?
2, 5, 7, 29, 1427
List the prime factors of 134956031.
7, 19, 337, 3011
List the prime factors of 98244636.
2, 3, 7, 577, 2027
List the prime factors of 253498370.
2, 5, 25349837
List the prime factors of 7164109816.
2, 2843, 314989
What are the prime factors of 263643264?
2, 3, 131, 1747
List the prime factors of 357717717.
3, 7, 179, 31721
List the prime factors of 14330854.
2, 7165427
What are the prime factors of 196783129?
196783129
What are the prime factors of 1643741277?
3, 227, 1297, 1861
List the prime factors of 125825145.
3, 5, 2647, 3169
List the prime factors of 1690611.
3, 13, 67, 647
List the prime factors of 311547468.
2, 3, 25962289
What are the prime factors of 6583698669?
3, 73, 127, 236713
What are the prime factors of 29077957?
23, 1264259
List the prime factors of 135546300.
2, 3, 5, 150607
What are the prime factors of 1218395954?
2, 7829, 77813
List the prime factors of 47045911.
11, 613, 6977
List the prime factors of 4760627049.
3, 528958561
List the prime factors of 167933456.
2, 10495841
List the prime factors of 3383272122.
2, 3, 563878687
List the prime factors of 291677676.
2, 3, 47, 277, 1867
List the prime factors of 179669102.
2, 101, 179, 4969
What are the prime factors of 23216696?
2, 17, 170711
List the prime factors of 1978254237.
3, 1609, 409831
List the prime factors of 809144544.
2, 3, 13, 29, 79, 283
What are the prime factors of 612139800?
2, 3, 5, 1020233
List the prime factors of 5217643102.
2, 7, 1931, 193003
List the prime factors of 254927658.
2, 3, 42487943
What are the prime factors of 70126545?
3, 5, 4675103
What are the prime factors of 652910674?
2, 13, 25111949
What are the prime factors of 190159124?
2, 23, 53, 59, 661
What are the prime factors of 124626700?
2, 5, 11, 19, 67, 89
What are the prime factors of 259618604?
2, 7, 461, 20113
List the prime factors of 1288320728.
2, 661, 243631
List the prime factors of 248270579.
23, 229, 47137
List the prime factors of 210709702.
2, 7, 181, 1697
What are the prime factors of 101283648?
2, 3, 59, 8941
List the prime factors of 1714802251.
829, 2068519
What are the prime factors of 3258883472?
2, 13, 811, 19319
What are the prime factors of 1097986800?
2, 3, 5, 643, 1423
What are the prime factors of 1501933112?
2, 149, 1260011
What are the prime factors of 108614695?
5, 7, 3103277
What are the prime factors of 321203592?
2, 3, 4461161
What are the prime factors of 4712645479?
4712645479
List the prime factors of 42178545.
3, 5, 41, 22861
List the prime factors of 3070239873.
3, 1023413291
List the prime factors of 86368769.
86368769
What are the prime factors of 1519286834?
2, 13, 58434109
What are the prime factors of 1247143?
53, 23531
What are the prime factors of 491170537?
11, 13, 3434759
What are the prime factors of 254754881?
281, 906601
List the prime factors of 87374673.
3, 19, 181, 941
List the prime factors of 4072075140.
2, 3, 5, 7, 9695417
List the prime factors of 1357957151.
19, 617, 115837
What are the prime factors of 198128952?
2, 3, 7, 89, 631
What are the prime factors of 20450262?
2, 3, 7, 53, 9187
What are the prime factors of 2124949631?
7, 43366319
What are the prime factors of 2097856978?
2, 7, 61, 113, 21739
What are the prime factors of 44236976?
2, 7, 71, 5563
What are the prime factors of 898571235?
3, 5, 29, 73, 28297
List the prime factors of 282566156.
2, 70641539
List the prime factors of 889901704.
2, 181, 353, 1741
What are the prime factors of 37273511?
11, 97, 181, 193
What are the prime factors of 34211362?
2, 19, 61, 14759
What are the prime factors of 223237986?
2, 3, 157, 236983
What are the prime factors of 45878979?
3, 43, 355651
What are the prime factors of 140572079?
140572079
List the prime factors of 534915857.
7, 76416551
List the prime factors of 546148084.
2, 19, 47, 152897
List the prime factors of 74756204.
2, 18689051
List the prime factors of 24326575.
5, 7, 13, 17, 37
List the prime factors of 17148317.
19, 23, 39241
What are the prime factors of 304533420?
2, 3, 5, 337, 15061
List the prime factors of 21093529.
997, 21157
List the prime factors of 6778569.
3, 7, 59, 5471
What are the 